{"id":15,"date":"2024-02-26T16:14:14","date_gmt":"2024-02-26T16:14:14","guid":{"rendered":"https:\/\/basenmarzen.pl\/home\/"},"modified":"2025-10-04T13:36:50","modified_gmt":"2025-10-04T11:36:50","slug":"home","status":"publish","type":"page","link":"https:\/\/basenmarzen.pl\/","title":{"rendered":"BASEN MARZE\u0143"},"content":{"rendered":"<p><img loading=\"lazy\" decoding=\"async\" width=\"1024\" height=\"480\" src=\"https:\/\/basenmarzen.pl\/wp-content\/uploads\/2024\/02\/SAMO-LOGO-BEZ-DANYCH-1024x480.png\" alt=\"\" srcset=\"https:\/\/basenmarzen.pl\/wp-content\/uploads\/2024\/02\/SAMO-LOGO-BEZ-DANYCH-1024x480.png 1024w, https:\/\/basenmarzen.pl\/wp-content\/uploads\/2024\/02\/SAMO-LOGO-BEZ-DANYCH-300x141.png 300w, https:\/\/basenmarzen.pl\/wp-content\/uploads\/2024\/02\/SAMO-LOGO-BEZ-DANYCH-768x360.png 768w, https:\/\/basenmarzen.pl\/wp-content\/uploads\/2024\/02\/SAMO-LOGO-BEZ-DANYCH-1536x720.png 1536w, https:\/\/basenmarzen.pl\/wp-content\/uploads\/2024\/02\/SAMO-LOGO-BEZ-DANYCH-2048x960.png 2048w, https:\/\/basenmarzen.pl\/wp-content\/uploads\/2024\/02\/SAMO-LOGO-BEZ-DANYCH.png 1920w\" sizes=\"auto, (max-width: 1024px) 100vw, 1024px\" \/><br \/>\n\t\t\t\t\t\t\t\t\t\t\t\t\t\t\t<img loading=\"lazy\" decoding=\"async\" width=\"1024\" height=\"617\" src=\"https:\/\/basenmarzen.pl\/wp-content\/uploads\/2025\/08\/Jedrzejow-efekt-koncowy-1536x926-1-1024x617.jpg\" alt=\"\" srcset=\"https:\/\/basenmarzen.pl\/wp-content\/uploads\/2025\/08\/Jedrzejow-efekt-koncowy-1536x926-1-1024x617.jpg 1024w, https:\/\/basenmarzen.pl\/wp-content\/uploads\/2025\/08\/Jedrzejow-efekt-koncowy-1536x926-1-300x181.jpg 300w, https:\/\/basenmarzen.pl\/wp-content\/uploads\/2025\/08\/Jedrzejow-efekt-koncowy-1536x926-1-768x463.jpg 768w, https:\/\/basenmarzen.pl\/wp-content\/uploads\/2025\/08\/Jedrzejow-efekt-koncowy-1536x926-1.jpg 1536w\" sizes=\"auto, (max-width: 1024px) 100vw, 1024px\" \/><br \/>\n\t\t\t\t\t\t\t\t\t\t\t\t\t\t\t<img loading=\"lazy\" decoding=\"async\" width=\"1024\" height=\"579\" src=\"https:\/\/basenmarzen.pl\/wp-content\/uploads\/2025\/06\/Jedzrejow-z-palmoimi-1-1024x579.jpg\" alt=\"\" srcset=\"https:\/\/basenmarzen.pl\/wp-content\/uploads\/2025\/06\/Jedzrejow-z-palmoimi-1-1024x579.jpg 1024w, https:\/\/basenmarzen.pl\/wp-content\/uploads\/2025\/06\/Jedzrejow-z-palmoimi-1-300x170.jpg 300w, https:\/\/basenmarzen.pl\/wp-content\/uploads\/2025\/06\/Jedzrejow-z-palmoimi-1-768x434.jpg 768w, https:\/\/basenmarzen.pl\/wp-content\/uploads\/2025\/06\/Jedzrejow-z-palmoimi-1.jpg 1364w\" sizes=\"auto, (max-width: 1024px) 100vw, 1024px\" \/><br \/>\n\t\t\t\t\t\t\t\t\t\t\t\t\t\t\t<img loading=\"lazy\" decoding=\"async\" width=\"1200\" height=\"705\" src=\"https:\/\/basenmarzen.pl\/wp-content\/uploads\/2024\/07\/basen-1-jpg-2048x1204.jpg\" alt=\"\" srcset=\"https:\/\/basenmarzen.pl\/wp-content\/uploads\/2024\/07\/basen-1-jpg-2048x1204.jpg 2048w, https:\/\/basenmarzen.pl\/wp-content\/uploads\/2024\/07\/basen-1-jpg-300x176.jpg 300w, https:\/\/basenmarzen.pl\/wp-content\/uploads\/2024\/07\/basen-1-jpg-1024x602.jpg 1024w, https:\/\/basenmarzen.pl\/wp-content\/uploads\/2024\/07\/basen-1-jpg-768x451.jpg 768w, https:\/\/basenmarzen.pl\/wp-content\/uploads\/2024\/07\/basen-1-jpg-1536x903.jpg 1536w, https:\/\/basenmarzen.pl\/wp-content\/uploads\/2024\/07\/basen-1-jpg.jpg 1920w\" sizes=\"auto, (max-width: 1200px) 100vw, 1200px\" \/><br \/>\n\t\t\t\t\t\t\t\t\t\t\t\t\t\t\t<img loading=\"lazy\" decoding=\"async\" width=\"1200\" height=\"2003\" src=\"https:\/\/basenmarzen.pl\/wp-content\/uploads\/2024\/07\/basen-2-jpg-1227x2048.jpg\" alt=\"\" srcset=\"https:\/\/basenmarzen.pl\/wp-content\/uploads\/2024\/07\/basen-2-jpg-1227x2048.jpg 1227w, https:\/\/basenmarzen.pl\/wp-content\/uploads\/2024\/07\/basen-2-jpg-180x300.jpg 180w, https:\/\/basenmarzen.pl\/wp-content\/uploads\/2024\/07\/basen-2-jpg-614x1024.jpg 614w, https:\/\/basenmarzen.pl\/wp-content\/uploads\/2024\/07\/basen-2-jpg-768x1282.jpg 768w, https:\/\/basenmarzen.pl\/wp-content\/uploads\/2024\/07\/basen-2-jpg-920x1536.jpg 920w, https:\/\/basenmarzen.pl\/wp-content\/uploads\/2024\/07\/basen-2-jpg.jpg 959w\" sizes=\"auto, (max-width: 1200px) 100vw, 1200px\" \/>\t\t\t\t\t\t\t\t\t\t\t\t\t\t\t<\/p>\n<p>Chcesz mie\u0107 w ogrodzie <strong>BASEN MARZE\u0143<\/strong> ?<\/p>\n<p>Basen z dwug\u0119sto\u015bciowego bloczka styrodurowego, b\u0119dzie idealnym rozwi\u0105zaniem. Nasza firma specjalizuje si\u0119 w projektowaniu i wykonaniu tego typu konstrukcji, po prostu spe\u0142niamy marzenia. Baseny tego typu ciesz\u0105 si\u0119 ogromn\u0105 popularno\u015bci\u0105 w\u015br\u00f3d klient\u00f3w, jako trwa\u0142e i funkcjonalne. Baseny z dwug\u0119sto\u015bciowych bloczk\u00f3w styrodurowych s\u0105 wytrzyma\u0142e, ta\u0144szego ni\u017c na przyk\u0142ad baseny betonowe, a ich budowa przebiega zdecydowanie szybciej. Dodaj\u0105c jeszcze fakt, \u017ce mo\u017cna wyposa\u017cy\u0107 je w strefy SPA, schodki, siedziska, le\u017canki, czy \u0142\u0105czy\u0107 je z wann\u0105 staj\u0105 si\u0119 idealnym rozwi\u0105zaniem dla Ciebie. Baseny tego typu s\u0105 wytrzyma\u0142e, a tak\u017ce ta\u0144sze od tych budowanych w innych technologiach zar\u00f3wno na etapie budowy jak i w trakcie ich u\u017cytkowania. Takie zbiorniki to\u00a0nowoczesne i pewne rozwi\u0105zanie, kt\u00f3re opiera si\u0119 na wykorzystaniu element\u00f3w styropianowych jako materia\u0142u konstrukcyjnego. Proces budowy zaczyna si\u0119 od wylania p\u0142yty dennej. Nast\u0119pnie uk\u0142adane s\u0105 bloczki, kt\u00f3re zalewa si\u0119 betonem, izoluje, wykonuje instalacje wodne, wyka\u0144cza dno i \u015bciany. Zostaje ju\u017c tyko monta\u017c techniki basenowej, wyko\u0144czenie korony basenu i gotowe. Bloczki styrodurowe, poza swoj\u0105 lekko\u015bci\u0105, charakteryzuj\u0105 si\u0119 wysok\u0105 wytrzyma\u0142o\u015bci\u0105 i odporno\u015bci\u0105 na dzia\u0142anie wody, chemikali\u00f3w, promieniowania UV oraz zmian temperatury. Materia\u0142 ten uniemo\u017cliwia te\u017c rozw\u00f3j bakterii i grzyb\u00f3w. Bloczki wykorzystywany do budowy basen\u00f3w nie wch\u0142ania wody, nie p\u0119cznieje i nie rozpuszcza si\u0119 w niej. Nie absorbuje r\u00f3wnie\u017c soli czy chemii basenowej. Wyb\u00f3r styropianu jako materia\u0142u konstrukcyjnego sprawia te\u017c, \u017ce\u00a0bloczki pe\u0142ni\u0105 rol\u0119 podw\u00f3jnej izolacji termicznej. Du\u017c\u0105 zalet\u0105 tej technologii jest r\u00f3wnie\u017c to, \u017ce bloczki styrodurowe \u0142atwo dostosowuj\u0105 si\u0119 do r\u00f3\u017cnych form i wymiar\u00f3w, umo\u017cliwiaj\u0105c budow\u0119 niecki wed\u0142ug indywidualnego projektu klienta idealnie wpisuj\u0105c si\u0119 w jego potrzeby. Jeste\u015bmy z naszymi klientami na ka\u017cdym etapie budowy, zapewniamy kompleksow\u0105 obs\u0142ug\u0119, doradztwo i profesjonaln\u0105 jako\u015b\u0107 wykonania ka\u017cdego etapu inwestycji. Chc\u0105c zapewni\u0107 pa\u0144stwu najwy\u017csz\u0105 jako\u015b\u0107 naszych us\u0142ug wsp\u00f3\u0142pracujemy z wieloma bran\u017cowymi i wiod\u0105cymi na rynku firmami mi\u0119dzy innymi jeste\u015bmy dystrybutorem producenta pomp ciep\u0142a firm\u0105 HEWALEX.<\/p>\n","protected":false},"excerpt":{"rendered":"<p>Chcesz mie\u0107 w ogrodzie BASEN MARZE\u0143 ? Basen z dwug\u0119sto\u015bciowego bloczka styrodurowego, b\u0119dzie idealnym rozwi\u0105zaniem. Nasza firma specjalizuje si\u0119 w projektowaniu i wykonaniu tego typu konstrukcji, po prostu spe\u0142niamy marzenia. Baseny tego typu ciesz\u0105 si\u0119 ogromn\u0105 popularno\u015bci\u0105 w\u015br\u00f3d klient\u00f3w, jako trwa\u0142e i funkcjonalne. Baseny z dwug\u0119sto\u015bciowych bloczk\u00f3w styrodurowych s\u0105 wytrzyma\u0142e, ta\u0144szego ni\u017c na przyk\u0142ad baseny [&hellip;]<\/p>\n","protected":false},"author":0,"featured_media":0,"parent":0,"menu_order":0,"comment_status":"closed","ping_status":"closed","template":"","meta":{"ocean_post_layout":"","ocean_both_sidebars_style":"","ocean_both_sidebars_content_width":0,"ocean_both_sidebars_sidebars_width":0,"ocean_sidebar":"","ocean_second_sidebar":"","ocean_disable_margins":"enable","ocean_add_body_class":"","ocean_shortcode_before_top_bar":"","ocean_shortcode_after_top_bar":"","ocean_shortcode_before_header":"","ocean_shortcode_after_header":"","ocean_has_shortcode":"","ocean_shortcode_after_title":"","ocean_shortcode_before_footer_widgets":"","ocean_shortcode_after_footer_widgets":"","ocean_shortcode_before_footer_bottom":"","ocean_shortcode_after_footer_bottom":"","ocean_display_top_bar":"default","ocean_display_header":"default","ocean_header_style":"","ocean_center_header_left_menu":"","ocean_custom_header_template":"","ocean_custom_logo":0,"ocean_custom_retina_logo":0,"ocean_custom_logo_max_width":0,"ocean_custom_logo_tablet_max_width":0,"ocean_custom_logo_mobile_max_width":0,"ocean_custom_logo_max_height":0,"ocean_custom_logo_tablet_max_height":0,"ocean_custom_logo_mobile_max_height":0,"ocean_header_custom_menu":"","ocean_menu_typo_font_family":"","ocean_menu_typo_font_subset":"","ocean_menu_typo_font_size":0,"ocean_menu_typo_font_size_tablet":0,"ocean_menu_typo_font_size_mobile":0,"ocean_menu_typo_font_size_unit":"px","ocean_menu_typo_font_weight":"","ocean_menu_typo_font_weight_tablet":"","ocean_menu_typo_font_weight_mobile":"","ocean_menu_typo_transform":"","ocean_menu_typo_transform_tablet":"","ocean_menu_typo_transform_mobile":"","ocean_menu_typo_line_height":0,"ocean_menu_typo_line_height_tablet":0,"ocean_menu_typo_line_height_mobile":0,"ocean_menu_typo_line_height_unit":"","ocean_menu_typo_spacing":0,"ocean_menu_typo_spacing_tablet":0,"ocean_menu_typo_spacing_mobile":0,"ocean_menu_typo_spacing_unit":"","ocean_menu_link_color":"","ocean_menu_link_color_hover":"","ocean_menu_link_color_active":"","ocean_menu_link_background":"","ocean_menu_link_hover_background":"","ocean_menu_link_active_background":"","ocean_menu_social_links_bg":"","ocean_menu_social_hover_links_bg":"","ocean_menu_social_links_color":"","ocean_menu_social_hover_links_color":"","ocean_disable_title":"default","ocean_disable_heading":"default","ocean_post_title":"","ocean_post_subheading":"","ocean_post_title_style":"","ocean_post_title_background_color":"","ocean_post_title_background":0,"ocean_post_title_bg_image_position":"","ocean_post_title_bg_image_attachment":"","ocean_post_title_bg_image_repeat":"","ocean_post_title_bg_image_size":"","ocean_post_title_height":0,"ocean_post_title_bg_overlay":0.5,"ocean_post_title_bg_overlay_color":"","ocean_disable_breadcrumbs":"default","ocean_breadcrumbs_color":"","ocean_breadcrumbs_separator_color":"","ocean_breadcrumbs_links_color":"","ocean_breadcrumbs_links_hover_color":"","ocean_display_footer_widgets":"default","ocean_display_footer_bottom":"default","ocean_custom_footer_template":"","footnotes":""},"class_list":["post-15","page","type-page","status-publish","hentry","entry"],"_links":{"self":[{"href":"https:\/\/basenmarzen.pl\/index.php?rest_route=\/wp\/v2\/pages\/15","targetHints":{"allow":["GET"]}}],"collection":[{"href":"https:\/\/basenmarzen.pl\/index.php?rest_route=\/wp\/v2\/pages"}],"about":[{"href":"https:\/\/basenmarzen.pl\/index.php?rest_route=\/wp\/v2\/types\/page"}],"replies":[{"embeddable":true,"href":"https:\/\/basenmarzen.pl\/index.php?rest_route=%2Fwp%2Fv2%2Fcomments&post=15"}],"version-history":[{"count":65,"href":"https:\/\/basenmarzen.pl\/index.php?rest_route=\/wp\/v2\/pages\/15\/revisions"}],"predecessor-version":[{"id":539,"href":"https:\/\/basenmarzen.pl\/index.php?rest_route=\/wp\/v2\/pages\/15\/revisions\/539"}],"wp:attachment":[{"href":"https:\/\/basenmarzen.pl\/index.php?rest_route=%2Fwp%2Fv2%2Fmedia&parent=15"}],"curies":[{"name":"wp","href":"https:\/\/api.w.org\/{rel}","templated":true}]}}